 factor of s and o.
14
Let j(i) = -i**3 + 5*i**2 + 9*i - 13. Let l be j(4). Calculate the highest common factor of 273 and l.
39
Let x(z) = z**3 + 10*z**2 + 7*z + 6. Let h(r) = -r**3 + 5*r**2 - 5. Let w be h(5). Let n be x(w). What is the highest common factor of n and 12?
12
Let c = 11 + -7. What is the highest common factor of c and 44?
4
Let h(m) = 5*m + 2. Let v be h(4). Let c = -27 + 82. What is the highest common divisor of v and c?
11
Let m = -47 - -51. What is the highest common divisor of m and 32?
4
Let z = -12 - -6. Let p(v) = -10*v - 4. Let l(d) = 161*d + 63. Let q(x) = 3*l(x) + 49*p(x). Let h be q(z). Calculate the greatest common divisor of 7 and h.
7
Suppose -4*b + i + 14 = 0, 5*b + i - 3*i = 16. Let o = 1 + -1. Suppose o = u + b*u - 150. Calculate the highest common divisor of u and 10.
10
Let o = 129 - 33. What is the highest common factor of 48 and o?
48
Let u(p) = 9*p**2 + 1. Let i be u(1). What is the greatest common factor of i and 10?
10
Suppose 0 = -5*u + 33 + 967. What is the greatest common divisor of 25 and u?
25
Let g = -9 - -45. What is the greatest common divisor of g and 9?
9
Suppose 2*a + 0*a = 5*m + 39, 0 = 4*m + 20. What is the greatest common divisor of 14 and a?
7
Let x be (1 - 3)/(4/(-22)). Let h = 21 - x. Let o be -10*((-16)/(-8) + -3*1). Calculate the highest common factor of o and h.
10
Let f(w) = w**2 - 3*w - 15. Let r be f(8). Calculate the greatest common factor of 25 and r.
25
Let x(f) = 5*f**2 - 4*f + 6*f - 2 - 3 - f**3. Let z be x(5). Suppose 0 = 4*a - 7*k + 4*k - 36, z*k = -2*a - 8. What is the highest common divisor of 30 and a?
6
Let p(f) = f**3 + 12*f**2 + 10*f - 20. Let m be p(-10). Let t be 49/3 - (-6)/(-18). Calculate the greatest common factor of t and m.
16
Suppose -1 + 2 = o. Let d(x) = x**3 + 8*x**2 + 7*x + 2. Let s be d(-7). Suppose -s + 0 = -i. What is the greatest common factor of o and i?
1
Let b(w) = w**2 + 2. Let t be b(0). Calculate the greatest common factor of 14 and t.
2
Let t be (-1 - (-7 - -4))*2. Let g(r) = r**3 - 6*r**2 - 6*r - 3. Let q be g(7). Calculate the greatest common factor of q and t.
4
Let u be (6/(-18))/(1/(-6)). Suppose -j + 168 = u*j. Calculate the greatest common divisor of 8 and j.
8
Suppose -2*w + 4*g = -5*w + 142, -3*g = -12. Calculate the greatest common factor of w and 42.
42
Let g = 0 - -2. Suppose -y = -2, y = g*k + 2*y - 36. Calculate the highest common divisor of 187 and k.
17
Let i be ((-4)/12)/(2/(-6)). Let w = i - -2. Suppose 2*g = -w*g + 25. What is the highest common factor of g and 5?
5
Let j = -7 - -47. What is the greatest common factor of 8 and j?
8
Let s be (0 + 2 - 4) + 5. Let v be 5 - (s - 4)*1. Calculate the highest common factor of v and 3.
3
Suppose 2*a = -2, 4*a - 1 - 1 = -g. Suppose r - 4*r - 117 = 0. Let o = 57 + r. Calculate the greatest common divisor of o and g.
6
Suppose -3*i - 4*x + 10 = -29, 2*x = i - 3. Calculate the highest common factor of i and 18.
9
Suppose -4*l + 11 = 47. Let c be l/(1 + 10/(-4)). Suppose 4*q - v = 25, -3*q + 3*v = -26 + 5. Calculate the highest common factor of q and c.
6
Suppose -a - 3*h = 3, a - 1 = -2*h - 2. Suppose 0 = a*z - 2*z - 5. Calculate the greatest common factor of 25 and z.
5
Suppose 4*g = -91 + 259. Let x = g + -29. Suppose b = 3*y + 39, -5*b + 3*y - 14 = -209. Calculate the highest common factor of b and x.
13
Let m(v) = v**3 - 7*v**2 + 6*v + 4. Let g be m(6). Calculate the highest common divisor of g and 32.
4
Suppose 0 = -3*v - 5*s + 581, 2*v = -2*v + 5*s + 728. Calculate the highest common factor of v and 17.
17
Let b = -42 - -106. What is the highest common divisor of 8 and b?
8
Let v be 4176/64 - (-3 + (-39)/(-12)). Let z = -8 + 21. Calculate the highest common factor of v and z.
13
Let g = 13 + 15. Suppose 3*u - 9 = 0, -5*a + 2*u + 25 = -3*u. Let f(r) = 4*r + 10. Let z be f(a). What is the highest common divisor of g and z?
14
Let o(z) = z**2 + 5*z + 41. Let r be o(-9). Let d(f) = -7*f - 3. Let i be d(-2). Calculate the greatest common factor of i and r.
11
Let r be (1 + (-20)/(-6))*3. What is the greatest common divisor of r and 13?
13
Suppose -100 = -4*w - 12. What is the highest common divisor of w and 2?
2
Let o = -17 + 39. Let d = 37 - o. Calculate the highest common factor of d and 120.
15
Suppose x = -2*x - 228. Let u be 4/10 + x/(-10). Suppose 3 = -5*k + 13. What is the highest common divisor of u and k?
2
Let y(s) = s**3 - 10*s**2 + 8*s + 7. Let d be y(9). Let u be 1 + 9 - (1 + d). Suppose -5*j = -277 + 57. What is the highest common factor of j and u?
11
Suppose -7*o - 26 = -5. Let k be 1/(-1*(-1)/(-1)). Let d be 35 + k + o - 1. What is the greatest common divisor of 6 and d?
6
Suppose 157*i - 162*i = -95. Let o(c) = -c**3 - 3*c. Let u be o(-4). Calculate the greatest common divisor of u and i.
19
Suppose -50 = m + 4*m. Let u be -1*m/(-4)*-2. Let i = 237 - 232. What is the greatest common divisor of i and u?
5
Let v = 2 - -1. Suppose 162 = v*l - l. Calculate the highest common factor of 9 and l.
9
Let z = 7 - 4. What is the highest common divisor of 15 and z?
3
Suppose 2*y = -4 - 0, 0 = 2*h + 4*y - 226. Calculate the greatest common factor of 13 and h.
13
Let m(v) = -v**2 + 9*v - 5. Suppose -s + 5*k = -12, -2*k + 9 = s - 4*k. Let i be m(s). Calculate the highest common factor of i and 9.
9
Suppose -5 + 3 = w, -3*j - 2*w + 2 = 0. Calculate the greatest common divisor of j and 1.
1
Let o(r) = 9*r + 1 + 5*r**2 + 4 - r**3 + 2*r**2 - 7. Let n be o(8). Let j be (n/(-9))/1*-33. What is the highest common factor of 66 and j?
22
Suppose 52*v - 43*v = 9. Let m be (-2 - (0 - 0))/(-1). Calculate the highest common factor of m and v.
1
Let a(m) = m**3 - 4*m**2 + 2*m + 15. Let n be a(5). Let j(h) = 3*h - 2. Let g be j(4). Calculate the greatest common divisor of n and g.
10
Let r = 19 + 4. Let p = 29 - r. Calculate the greatest common factor of 6 and p.
6
Suppose 0 = -3*k + 3*s - 2*s + 190, 10 = 5*s. Suppose 0 = -4*q - 0*q + k. What is the highest common divisor of q and 8?
8
Suppose -u = -0*u - 141. Suppose 2*v = 2*i + 246, -v - 2*i + u = 3*i. Calculate the highest common divisor of v and 14.
14
Let i = 8 + 10. Suppose 5*o - i = 102. What is the greatest common divisor of o and 48?
24
Let s be (-18 + (4 - 2))/(-2). Calculate the greatest common divisor of 1 and s.
1
Let l = 6 + 1. Let y(s) = -s**3 + 9*s**2 - 6*s. Let x be y(l). Calculate the greatest common factor of x and 7.
7
Suppose 2*c + 9 = c. Let f = c + 21. Calculate the greatest common factor of 60 and f.
12
Let l(t) = t**3 - 9*t**2 + 7*t + 10. Let o be l(8). Suppose 0*y = o*y. Suppose 2*b = s + 23, 2*s + y = -2. Calculate the greatest common divisor of b and 1.
1
Suppose -4*d + 6 = -10. Suppose -d*w + 4*n = -60, 0 = w - 3*n - 2*n - 3. Calculate the highest common divisor of w and 45.
9
Suppose -h = -4*h + 39. Let r be (6 + 2)/((-28)/(-26) - 1). What is the highest common divisor of r and h?
13
Suppose -4*q - 187 = -5*c, -4*q + 58 = 2*c - 0*q. Suppose -5*u + f + 38 = 0, -2*f = -u + 4 + 9. Calculate the greatest common factor of c and u.
7
Let b(z) = -z**3 + 6*z**2 + 20. Let q be b(5). Calculate the highest common factor of q and 36.
9
Suppose 2*f + 5 = 17. Suppose 2*j - f*x - 33 = -x, 5*j = -x + 42. What is the greatest common divisor of j and 72?
9
Let b(j) = -13*j + 5. Let s be b(-5). Calculate the highest common factor of s and 175.
35
Let o(g) = g**3 - 7*g**2 + 9. Let p be o(7). Suppose 2*v - 8 + 2 = 0. What is the greatest common divisor of v and p?
3
Let x = 0 + 3. Let s be 0 - 6/(-24) - (-9)/12. Calculate the greatest common divisor of x and s.
1
Suppose -3*a + 30 = -0*a. Let g(x) = x - 9. Let y be g(a). Suppose -2*o = -1 - y. Calculate the highest common factor of 1 and o.
1
Suppose -4*o + 83 - 19 = 0. Calculate the greatest common factor of 4 and o.
4
Let a = 79 + -55. Suppose -q - w - 21 = -6*w, 4*w = -q + a. What is the greatest common divisor of 4 and q?
4
Let v be 26/117 + 34/9. Calculate the greatest common factor of 4 and v.
4
Suppose 4*m - 8 = 4*c, 7*c - 6 = -3*m + 2*c. Let u be 6/9 - (-44)/(-12). Let k(z) = -5*z + 3. Let v be k(u). What is the greatest common divisor of v and m?
2
Let l(u) = 19*u**2 + 3*u. Let s be l(-2). Let c(d) = -2*d - 5. Let k be c(-11). Suppose 11 = 2*v - k. Calculate the greatest comm